it of z?
7
Let x = 1819 + -1298. What is the units digit of x?
1
Let v be 34 + 6 + 6/(-3). Suppose 0*r = 2*r - v. Suppose 5*d - 11 = r. What is the units digit of d?
6
Let k(s) = 2*s**2 - 2*s - 20. What is the tens digit of k(8)?
9
Let p(t) = -6*t - 5. Let d(s) = 1. Let v(c) = 2*d(c) - p(c). What is the tens digit of v(12)?
7
Let p = -10 - -6. Suppose 4*u = -4*k - 12, 4*u - 13 = 4*k - 3*k. What is the units digit of 108/(k/2 - p)?
2
Let t = 397 + -78. What is the tens digit of t?
1
Let d = -1561 - -1984. What is the tens digit of d?
2
Let l be (-9 - -1)*(-6 - -5). Suppose -n + l = 3*n. Suppose -p + 6*p - 37 = -2*j, 0 = 4*j - n*p - 38. What is the units digit of j?
1
Let o be -1*135 + -1 + 0. Let k = o - -276. Suppose -4*d + k = 5*m + 8, -2*m = 0. What is the tens digit of d?
3
Suppose -11 - 21 = -4*n. Suppose 3*c + n = 5*b + 38, -4*c = -4*b - 24. What is the tens digit of 3/(-2) + (-249)/b?
4
Suppose 3*c - 22 = -2*s, -3*s + 4*c = 1 - 0. Suppose y - 1 = -s. What is the tens digit of (10 + y)*51/6?
5
Let r(y) be the second derivative of y**3/6 + 11*y**2 + 56*y + 1. Let m(i) = 2*i + 4. Let z be m(-7). What is the units digit of r(z)?
2
Let g(p) = -45 - 59 + 9*p + 60. What is the units digit of g(5)?
1
Let j = 1315 + -712. What is the units digit of j?
3
Let a be (-42)/(-70) + (-67)/(-5). Suppose -3*x = -10*x + a. What is the units digit of x?
2
Suppose 0 = -3*c - 34 + 52. Let o(a) = 2*a**3 - 8*a**2 + 9*a. What is the hundreds digit of o(c)?
1
Suppose 3*k = 9, 0*f - 2*f - 4*k + 18 = 0. Suppose 0 = p + 3*p - 2*t - 22, 4*t = f*p - 4. What is the units digit of 17/(-3)*(-24)/p?
7
Suppose 5*b - 7*d - 735 = -5*d, -4*b = 3*d - 565. What is the hundreds digit of b?
1
Let f(i) = 21*i + 35. Let p be f(-4). Let v = p - -50. What is the units digit of v?
1
Suppose -5*f + 3 = -12. Suppose -5*m - 65 = -5*y, -f*y + 2 = 2*m + 2*y. What is the units digit of (-1)/3*m - -36?
9
Let b = 414 - 296. Suppose -3*f - 2*f - 235 = -5*s, 2*s = -4*f + b. What is the units digit of s?
1
Let m(u) = -2*u**3 - 9*u**2 + 23*u + 20. What is the units digit of m(-9)?
2
Let g be (-12)/(-4) + -6 - -10. Suppose u - 8 = -2*d, -2*u + 1 = 2*d - 11. Let s = u + g. What is the units digit of s?
1
Let b = -261 - -375. Let q be (-28)/3*(-546)/(-637). What is the units digit of (q/24)/((-2)/b)?
9
Let y = 57 + -49. Suppose y*t + 80 = o + 3*t, 5*o + 5*t = 400. What is the units digit of o?
0
Suppose -49*m = -47*m - 948. What is the hundreds digit of m?
4
Suppose 0 = 13*c - 17012 - 4334. What is the thousands digit of c?
1
Suppose 0 = -3*z + 2*z + 4*d + 146, 2*d + 556 = 4*z. What is the tens digit of z?
3
Suppose -4*h - 5*s = -657, h - 2*h = 2*s - 162. Suppose -18*p = -6*p - h. What is the units digit of p?
4
Suppose u = -9*u + 80. Suppose -67 - 685 = -u*t. What is the units digit of t?
4
Let l(h) = -h**2 + 15*h + 56. Suppose f - 2*k = -1, 5*k = -f + 9 + 25. What is the units digit of l(f)?
0
Suppose 0 = 5*h + n - 23, -4*h - 4*n = -11 - 1. Let j = 30 + h. What is the tens digit of j?
3
Suppose 64 = -w + 130. What is the units digit of w?
6
Let t = -2687 - -1885. Let b = t - -1602. What is the tens digit of b/56*(-7)/(-2)?
5
Suppose 0 = -0*t + 4*t - 8. Suppose -t*l = 4*o + l - 9, -6 = -3*o - 3*l. What is the units digit of 124/3 + (-1)/o?
1
Let x = -69 + 113. Let z be (3/(-2))/((-6)/8). Suppose -z*g + 36 = 2*h, 5*h - 3*g - x = 38. What is the tens digit of h?
1
Let g = -6 - -6. Suppose 2*t + g*t = 0. Suppose t*j - 8 = -j. What is the units digit of j?
8
Let k(u) = 7*u**2 + 10*u - 55. What is the hundreds digit of k(-11)?
6
Let l be (-112)/10 - (-2)/10. Let u = l - -11. Suppose -c + 20 + 1 = u. What is the units digit of c?
1
Let d be -5 - (0 + -46 - -1). Let j = d - -11. What is the units digit of j?
1
Suppose -362 = -2*n + 108. Suppose 5*p - n = 170. Suppose -u = -4*u + p. What is the tens digit of u?
2
Let n be 5/35 + 41/7. Suppose 4*a = -4*l + n + 2, 3*a = 0. What is the tens digit of l/(-6) - (-290)/15?
1
Let r(n) = -n**3 + 12*n**2 - 22*n + 33. What is the tens digit of r(7)?
2
Suppose 2*d - 6*d = 36. Let u(t) = -t**3 - 9*t**2 + t + 13. Let q be u(d). What is the tens digit of q + -6 + 7*2?
1
Suppose -4*w = 105 - 3593. Suppose 5*z - 5*y + 3*y - w = 0, -336 = -2*z + 4*y. What is the hundreds digit of z?
1
Suppose a - 40 = -4*p, 4*p + 2*a - 40 = -a. What is the units digit of 274/4 + 5/p?
9
What is the units digit of (105/(-30) - 1)/((-6)/80)?
0
Let g(a) = 21*a. Let k be g(1). Suppose -3*h + 90 = -t, -5*t - 81 - k = -3*h. Suppose -2*q + h = -15. What is the units digit of q?
2
Suppose -529 + 116 = -7*u. Suppose 36 = 5*v - u. Suppose -3*o + v = -149. What is the tens digit of o?
5
Let g(j) = j**3 - 27*j**2 + 75*j - 97. What is the tens digit of g(30)?
5
Suppose -76*r + 15 = -73*r. Suppose -3*x + r*x - 176 = 0. What is the units digit of x?
8
Let t(q) be the third derivative of 2*q**5/15 - q**4/8 - 4*q**3/3 - 5*q**2. What is the tens digit of t(4)?
0
Let p = -35 - -35. Let x(r) be the third derivative of -r**5/60 + r**4/12 + r**3/2 + 3*r**2. What is the units digit of x(p)?
3
Let b be (63/14)/((-6)/(-16)). Let i be 18/b - 3/(-2). Suppose i*c - t - 38 = 76, 4*c = 5*t + 141. What is the units digit of c?
9
Suppose 0 = -2*f + 3 + 1. Suppose -1 - 11 = -4*n. Suppose -100 = -n*m - f*m. What is the tens digit of m?
2
Suppose 70 = -4*j + 5*z - 56, 2*j + 52 = -3*z. Suppose -13*c + 10*c = -42. Let f = c - j. What is the units digit of f?
3
Let b = -901 - -1592. What is the tens digit of b?
9
Suppose 3*v = 5*p - 54, 2*v = -5*p + 4*v + 51. Let o(d) be the second derivative of 2*d**3/3 - 2*d**2 + 7*d. What is the tens digit of o(p)?
3
Suppose -5*d = 0, -4*s - 486 + 1942 = -d. What is the units digit of s?
4
Let m be 0/5 + 3 + 1. Suppose m*i + 2*s = 4*s + 690, -178 = -i - 5*s. What is the units digit of i?
3
Let h = 120 - 117. What is the units digit of 7/((-126)/(-12)) - (-544)/h?
2
Let f be 317/5 + (-2)/5. Let b = f - 18. What is the units digit of b?
5
Let w = -7 - -15. Let f be w/44 + (-106)/(-22). Suppose 8*b = f*b + 90. What is the units digit of b?
0
What is the thousands digit of (2332 - -12)/(1 - -1 - 0)?
1
Suppose 1 = 4*y - 19. Let b(p) = 2*p**3 - 7*p**2 + 5*p + 2. What is the units digit of b(y)?
2
Let j(m) = 2*m + 23. Let t be j(-10). Let u(w) = w + 1. Let r be u(t). Suppose -r*o + o = -51. What is the tens digit of o?
1
Suppose 0 = -k + 200 + 40. Suppose -11*g + k = -8*g. What is the tens digit of g?
8
Let l(q) be the third derivative of 7*q**4/6 + q**3/3 + 9*q**2. What is the tens digit of l(1)?
3
Let a be 3/(-18) + 31/6. Suppose -2*i = 4*p - 92, -3*i + 2*i - a*p + 43 = 0. What is the tens digit of i?
4
What is the tens digit of 182856/95 + (-4)/(-20)?
2
Suppose 3*l = -12, 3*o + 0*o + 3*l = -3. Let p = 18 + 3. Suppose p = 4*y - o. What is the units digit of y?
6
Let x = 185 + -87. Suppose -f + 2*f - 43 = 2*q, -2*f + x = -q. What is the units digit of f?
1
Let x = -422 + 644. What is the hundreds digit of x?
2
Suppose 4*k + 8 = 0, -j + k = -k - 530. Let s = j - 255. What is the hundreds digit of s?
2
Suppose 5*v = -3*k + 1252 + 1467, 0 = 2*v - 10. What is the units digit of k?
8
Let o = 31 + -27. Suppose -540 = -8*u + o*u. What is the hundreds digit of u?
1
What is the tens digit of (7 + -2)/(-10) - (-3900)/8?
8
What is the units digit of (-8)/(-14) - 58500/(-84)?
7
Let w(h) = -h + 16. Let r be w(15). What is the units digit of (-44)/r*(-14)/4?
4
Let p be (1 + 0)*(-1 + 1). Suppose -155 = -3*f - x, p = -3*f + 4*f - 3*x - 35. What is the tens digit of f?
5
Let i be 170/8 - (4 + 60/(-16)). What is the hundreds digit of (2 - i)/((-8)/48)?
1
Suppose l + 13 + 2 = 0. Let g(j) = j**3 + 16*j**2 + 14*j. What is the tens digit of g(l)?
1
Let s(r) = -2*r**3 + 26*r**2 + 8*r - 10. What is the tens digit of s(11)?
6
Let h(p) = p**2 - 9*p + 10. Let c be h(8). Suppose -2*a - 3*f - 2 = -c*f, -a - 2 = f. Suppose x - 30 = -a*x. What is the tens digit of x?
3
Suppose 3 - 7 = -4*f - 4*b, -3*b + 12 = 0. Let y be ((-27)/(-36))/(f/(-16)). Suppose -y*x + 214 = -2. What is the tens digit of x?
5
Let n(u) be the third derivative of -u**6/120 - u**5/10 + u**4/24 - u**3/3 - 8*u**2. Suppose p + 9 = -o, -5*o + 3*o - 20 = 3*p. What is the units digit of n(o)?
0
Suppose -556 = -2*h + 2*l, 0 = -3*h - 0*l + 2*l + 839. What is th